of 687554?
6
What is the hundreds digit of 1872238?
2
What is the hundred thousands digit of 3744463?
7
What is the thousands digit of 316294?
6
What is the tens digit of 1183104?
0
What is the millions digit of 7296582?
7
What is the units digit of 546486?
6
What is the thousands digit of 4034856?
4
What is the tens digit of 7166067?
6
What is the hundred thousands digit of 415921?
4
What is the thousands digit of 5055925?
5
What is the units digit of 36376?
6
What is the thousands digit of 135762?
5
What is the units digit of 295576?
6
What is the hundred thousands digit of 296369?
2
What is the thousands digit of 425743?
5
What is the units digit of 1142310?
0
What is the ten thousands digit of 22619?
2
What is the ten thousands digit of 5186140?
8
What is the ten thousands digit of 4457874?
5
What is the hundreds digit of 3375843?
8
What is the ten thousands digit of 192521?
9
What is the ten thousands digit of 4600098?
0
What is the ten thousands digit of 4347481?
4
What is the units digit of 369981?
1
What is the tens digit of 585514?
1
What is the hundreds digit of 243525?
5
What is the millions digit of 4015504?
4
What is the ten thousands digit of 698081?
9
What is the thousands digit of 314170?
4
What is the units digit of 394258?
8
What is the tens digit of 974978?
7
What is the ten thousands digit of 5939190?
3
What is the units digit of 3447991?
1
What is the thousands digit of 1237411?
7
What is the ten thousands digit of 485721?
8
What is the hundreds digit of 2843874?
8
What is the tens digit of 97321?
2
What is the tens digit of 222229?
2
What is the hundreds digit of 1342380?
3
What is the tens digit of 3577128?
2
What is the hundreds digit of 71993?
9
What is the hundred thousands digit of 381151?
3
What is the units digit of 35679110?
0
What is the units digit of 2265020?
0
What is the hundreds digit of 1766627?
6
What is the ten millions digit of 17476191?
1
What is the hundred thousands digit of 30336486?
3
What is the thousands digit of 2208024?
8
What is the tens digit of 481574?
7
What is the tens digit of 1502965?
6
What is the hundreds digit of 466322?
3
What is the tens digit of 28775576?
7
What is the millions digit of 11475218?
1
What is the thousands digit of 2313665?
3
What is the thousands digit of 4759401?
9
What is the millions digit of 17209299?
7
What is the hundreds digit of 819185?
1
What is the hundred thousands digit of 139714?
1
What is the millions digit of 27344922?
7
What is the tens digit of 9341935?
3
What is the thousands digit of 856756?
6
What is the thousands digit of 361588?
1
What is the units digit of 1714906?
6
What is the units digit of 5808986?
6
What is the hundreds digit of 8863241?
2
What is the millions digit of 11833843?
1
What is the millions digit of 2709361?
2
What is the hundreds digit of 3280921?
9
What is the units digit of 1679950?
0
What is the hundreds digit of 1383297?
2
What is the ten thousands digit of 3875231?
7
What is the tens digit of 415620?
2
What is the ten thousands digit of 3451958?
5
What is the ten thousands digit of 447305?
4
What is the thousands digit of 132523?
2
What is the hundreds digit of 636960?
9
What is the millions digit of 1308224?
1
What is the thousands digit of 9897902?
7
What is the tens digit of 8961713?
1
What is the tens digit of 1611969?
6
What is the hundred thousands digit of 2534316?
5
What is the ten thousands digit of 1715793?
1
What is the tens digit of 1273869?
6
What is the ten thousands digit of 439530?
3
What is the ten millions digit of 32980242?
3
What is the ten millions digit of 10049737?
1
What is the units digit of 27916764?
4
What is the hundred thousands digit of 6736801?
7
What is the thousands digit of 978477?
8
What is the hundred thousands digit of 282769?
2
What is the units digit of 152714?
4
What is the ten thousands digit of 25869484?
6
What is the ten thousands digit of 11581677?
8
What is the hundreds digit of 30846850?
8
What is the hundred thousands digit of 743246?
7
What is the units digit of 191538?
8
What is the ten thousands digit of 335708?
3
What is the tens digit of 268047?
4
What is the ten thousands digit of 1785918?
8
What is the units digit of 2245255?
5
What is the hundred thousands digit of 3994676?
9
What is the hundreds digit of 763205?
2
What is the ten thousands digit of 90014?
9
What is the ten thousands digit of 634500?
3
What is the thousands digit of 6430563?
0
What is the tens digit of 1607915?
1
What is the ten thousands digit of 2846786?
4
What is the thousands digit of 117202?
7
What is the ten thousands digit of 821536?
2
What is the thousands digit of 333622?
3
What is the hundred thousands digit of 20912072?
9
What is the units digit of 26103776?
6
What is the ten thousands digit of 1000794?
0
What is the hundreds digit of 991541?
5
What is the ten thousands digit of 943210?
4
What is the hundred thousands digit of 1017718?
0
What is the millions digit of 16437156?
6
What is the hundred thousands digit of 34066422?
0
What is the ten thousands digit of 2629112?
2
What is the hundreds digit of 700275?
2
What is the ten millions digit of 27115384?
2
What is the units digit of 379374?
4
What is the units digit of 1014905?
5
What is the hundreds digit of 13554641?
6
What is the tens digit of 7095425?
2
What is the units digit of 2179871?
1
What is the hundred thousands digit of 813096?
8
What is the units digit of 1847454?
4
What is the hundred thousands digit of 9270442?
2
What is the hundreds digit of 579246?
2
What is the tens digit of 76279?
7
What is the units digit of 1204853?
3
What is the ten thousands digit of 2138159?
3
What is the ten thousands digit of 1566444?
6
What is the hundreds digit of 25572?
5
What is the tens digit of 3828940?
4
What is the millions digit of 3905294?
3
What is the thousands digit of 961310?
1
What is the thousands digit of 362282?
2
What is the ten thousands digit of 206864?
0
What is the thousands digit of 353819?
3
What is the thousands digit of 341063?
1
What is the millions digit of 1239738?
1
What is the hundreds digit of 19609921?
9
What is the hundreds digit of 1296264?
2
What is the tens digit of 1030166?
6
What is the ten thousands digit of 147296?
4
What is the tens digit of 6136822?
2
What is the thousands digit of 503149?
3
What is the tens digit of 863361?
6
What is the tens digit of 3826353?
5
What is the units digit of 1641017?
7
What is the tens digit of 75240?
4
What is the ten thousands digit of 219697?
1
What is the tens digit of 7510714?
1
What is the ten thousands digit of 2846534?
4
What is the millions digit of 1461295?
1
What is the units digit of 405663?
3
What is the hundreds digit of 198518?
5
What is the tens digit of 2586629?
2
What is the ten thousands digit of 1974303?
7
What is the units digit of 2963017?
7
What is the hundreds digit of 11648064?
0
What is the thousands digit of 1332939?
2
What is the units digit of 14104409?
9
What is the tens digit of 1630324?
2
What is the thousands digit of 95412?
5
What is the ten thousands digit of 11558607?
5
What is the millions digit of 10474771?
0
What is the tens digit of 992052?
5
What is the hundreds digit of 3291069?
0
What is the tens digit of 215901?
0
What is the hundreds digit of 585012?
0
What is the ten thousands digit of 406268?
0
What is the hundreds digit of 463181?
1
What is the millions digit of 6358549?
6
What is the ten thousands digit of 2217763?
1
What is the hundreds digit of 1519855?
8
What is the tens digit of 4242593?
9
What is the ten thousands digit of 79332?
7
What is the ten thousands digit of 490340?
9
What is the tens digit of 278888?
8
What is the hundreds digit of 27334945?
9
What is the hundreds digit of 1824200?
2
What is the hundred thousands digit of 374696?
3
What is the hundred thousands digit of 1347369?
3
What is the units digit of 212286?
6
What is the tens digit of 156726?
2
What is the millions digit of 6584491?
6
What is the ten thousands digit of 243243?
4
What is the thousands digit of 613616?
3
What is the hundred thousands digit of 3560425?
5
What is the thousands digit of 9588562?
8
What is the tens digit of 1250224?
2
What is the ten thousands digit of 8720370?
2
What is the units digit of 1549185?
5
What is the ten thou